{"id":634,"date":"2024-12-23T13:55:48","date_gmt":"2024-12-23T18:55:48","guid":{"rendered":"https:\/\/infonia.asesoriatics.com\/?page_id=593"},"modified":"2025-10-24T22:28:06","modified_gmt":"2025-10-25T03:28:06","slug":"difusion-creativa","status":"publish","type":"page","link":"https:\/\/infonia.esap.edu.co\/index.php\/difusion-creativa\/","title":{"rendered":"Difusi\u00f3n creativa"},"content":{"rendered":"\t\t<div data-elementor-type=\"wp-page\" data-elementor-id=\"634\" class=\"elementor elementor-634\" data-elementor-post-type=\"page\">\n\t\t\t\t<div class=\"elementor-element elementor-element-fb3fa01 e-flex e-con-boxed e-con e-parent\" data-id=\"fb3fa01\" data-element_type=\"container\">\n\t\t\t\t\t<div class=\"e-con-inner\">\n\t\t\t\t<div class=\"elementor-element elementor-element-668aebe elementor-widget elementor-widget-shortcode\" data-id=\"668aebe\" data-element_type=\"widget\" data-widget_type=\"shortcode.default\">\n\t\t\t\t<div class=\"elementor-widget-container\">\n\t\t\t\t\t\t\t<div class=\"elementor-shortcode\"><span><span><a href=\"https:\/\/infonia.esap.edu.co\/\">Inicio<\/a><\/span><\/span><\/div>\n\t\t\t\t\t\t<\/div>\n\t\t\t\t<\/div>\n\t\t\t\t<div class=\"elementor-element elementor-element-178ad37 elementor-widget elementor-widget-image\" data-id=\"178ad37\" data-element_type=\"widget\" data-widget_type=\"image.default\">\n\t\t\t\t<div class=\"elementor-widget-container\">\n\t\t\t\t\t\t\t\t\t\t\t\t\t\t\t<img fetchpriority=\"high\" decoding=\"async\" width=\"673\" height=\"200\" src=\"https:\/\/infonia.esap.edu.co\/wp-content\/uploads\/2024\/06\/logo_difusion.png\" class=\"attachment-full size-full wp-image-187\" alt=\"\" srcset=\"https:\/\/infonia.esap.edu.co\/wp-content\/uploads\/2024\/06\/logo_difusion.png 673w, https:\/\/infonia.esap.edu.co\/wp-content\/uploads\/2024\/06\/logo_difusion-300x89.png 300w\" sizes=\"(max-width: 673px) 100vw, 673px\" \/>\t\t\t\t\t\t\t\t\t\t\t\t\t\t\t<\/div>\n\t\t\t\t<\/div>\n\t\t\t\t<div class=\"elementor-element elementor-element-3729647 elementor-widget elementor-widget-heading\" data-id=\"3729647\" data-element_type=\"widget\" data-widget_type=\"heading.default\">\n\t\t\t\t<div class=\"elementor-widget-container\">\n\t\t\t\t\t<h2 class=\"elementor-heading-title elementor-size-default\">Cultura de Compartir y difundir <\/h2>\t\t\t\t<\/div>\n\t\t\t\t<\/div>\n\t\t\t\t<div class=\"elementor-element elementor-element-dc3c944 elementor-widget elementor-widget-text-editor\" data-id=\"dc3c944\" data-element_type=\"widget\" data-widget_type=\"text-editor.default\">\n\t\t\t\t<div class=\"elementor-widget-container\">\n\t\t\t\t\t\t\t\t\t<p>Articular y fomentar la implementaci\u00f3n de estrategias, acciones, instrumentos y herramientas\u00a0<span style=\"text-align: var(--text-align); background-color: var(--ast-global-color-5);\">implica desarrollar una visi\u00f3n estrat\u00e9gica de c<\/span><span style=\"font-style: inherit; font-weight: inherit; font-family: var( --e-global-typography-text-font-family ), Sans-serif; text-align: var(--text-align); background-color: var(--ast-global-color-5);\">omunicaci\u00f3n y la consolidaci\u00f3n de redes de ense\u00f1anza- aprendizaje para difundir y reforzar la gesti\u00f3n del conocimiento y promover la innovaci\u00f3n p\u00fablica. Las experiencias compartidas fortalecen el conocimiento a trav\u00e9s de la memoria institucional y la retroalimentaci\u00f3n,\u00a0<\/span><span style=\"font-style: inherit; font-weight: inherit; font-family: var( --e-global-typography-text-font-family ), Sans-serif; text-align: var(--text-align); background-color: var(--ast-global-color-5);\">adem\u00e1s incentivan procesos del aprendizaje y fomentan la innovaci\u00f3n, en tanto que generen espacios de ideaci\u00f3n y co-creaci\u00f3n para el mejoramiento del ciclo de pol\u00edtica p\u00fablica.\u00a0<\/span><span style=\"font-style: inherit; font-weight: inherit; font-family: var( --e-global-typography-text-font-family ), Sans-serif; text-align: var(--text-align); background-color: var(--ast-global-color-5);\">(DAFP, 2020, p\u00e1g. 59)<\/span><\/p>\t\t\t\t\t\t\t\t<\/div>\n\t\t\t\t<\/div>\n\t\t<div class=\"elementor-element elementor-element-b8e3e91 e-con-full e-flex e-con e-child\" data-id=\"b8e3e91\" data-element_type=\"container\">\n\t\t\t\t<div class=\"elementor-element elementor-element-e3c941c elementor-widget elementor-widget-video\" data-id=\"e3c941c\" data-element_type=\"widget\" data-settings=\"{&quot;youtube_url&quot;:&quot;https:\\\/\\\/www.youtube.com\\\/watch?v=0uXSvtZMP2o&quot;,&quot;cc_load_policy&quot;:&quot;yes&quot;,&quot;video_type&quot;:&quot;youtube&quot;,&quot;controls&quot;:&quot;yes&quot;}\" data-widget_type=\"video.default\">\n\t\t\t\t<div class=\"elementor-widget-container\">\n\t\t\t\t\t\t\t<div class=\"elementor-wrapper elementor-open-inline\">\n\t\t\t<div class=\"elementor-video\"><\/div>\t\t<\/div>\n\t\t\t\t\t\t<\/div>\n\t\t\t\t<\/div>\n\t\t\t\t<\/div>\n\t\t\t\t<div class=\"elementor-element elementor-element-1a4b0dd elementor-widget elementor-widget-eael-adv-tabs\" data-id=\"1a4b0dd\" data-element_type=\"widget\" data-widget_type=\"eael-adv-tabs.default\">\n\t\t\t\t<div class=\"elementor-widget-container\">\n\t\t\t\t\t        <div data-scroll-on-click=\"no\" data-scroll-speed=\"300\" id=\"eael-advance-tabs-1a4b0dd\" class=\"eael-advance-tabs eael-tabs-horizontal eael-tab-auto-active \" data-tabid=\"1a4b0dd\">\n            <div class=\"eael-tabs-nav\">\n                <ul class=\"\" role=\"tablist\">\n                                            <li id=\"politica\" class=\"inactive eael-tab-item-trigger eael-tab-nav-item\" aria-selected=\"true\" data-tab=\"1\" role=\"tab\" tabindex=\"0\" aria-controls=\"politica-tab\" aria-expanded=\"false\">\n                            \n                            \n                            \n                                                            <span class=\"eael-tab-title title-after-icon\" >Radio ESAP<\/span>                                                    <\/li>\n                                            <li id=\"modelo\" class=\"inactive eael-tab-item-trigger eael-tab-nav-item\" aria-selected=\"false\" data-tab=\"2\" role=\"tab\" tabindex=\"-1\" aria-controls=\"modelo-tab\" aria-expanded=\"false\">\n                            \n                            \n                            \n                                                            <span class=\"eael-tab-title title-after-icon\" >Redes Sociales<\/span>                                                    <\/li>\n                                            <li id=\"modelo\" class=\"inactive eael-tab-item-trigger eael-tab-nav-item\" aria-selected=\"false\" data-tab=\"3\" role=\"tab\" tabindex=\"-1\" aria-controls=\"modelo-tab\" aria-expanded=\"false\">\n                            \n                            \n                            \n                                                            <span class=\"eael-tab-title title-after-icon\" >Eventos<\/span>                                                    <\/li>\n                                    <\/ul>\n            <\/div>\n            \n            <div class=\"eael-tabs-content\">\n\t\t        \n                    <div id=\"politica-tab\" class=\"clearfix eael-tab-content-item inactive\" data-title-link=\"politica-tab\">\n\t\t\t\t        <p>Establecer un espacio especializado en consolidar el contenido audiovisual de\u00a0 la ESAP<\/p><ul><li style=\"list-style-type: none;\"><ul><li><a href=\"https:\/\/www.esap.edu.co\/esap\/radio-esap\/audioteca-radio-esap\/\">AUDIOTECA ESAP<\/a><\/li><li><a href=\"https:\/\/www.esap.edu.co\/esap\/radio-esap\/\">RADIO ESAP<\/a><\/li><\/ul><\/li><\/ul>                    <\/div>\n\t\t        \n                    <div id=\"modelo-tab\" class=\"clearfix eael-tab-content-item inactive\" data-title-link=\"modelo-tab\">\n\t\t\t\t        <p>El modelo de operaci\u00f3n de la pol\u00edtica de gesti\u00f3n del conocimiento y la innovaci\u00f3n en la ESAP se fundamenta en la creaci\u00f3n de un entorno propicio para la generaci\u00f3n, captura, transferencia y aplicaci\u00f3n del conocimiento dentro de la instituci\u00f3n y en su relaci\u00f3n con los actores externos del sector p\u00fablico. Esto implica la Promoci\u00f3n de una cultura de aprendizaje, Generaci\u00f3n y captura de conocimiento, facilitaci\u00f3n del acceso al conocimiento y Est\u00edmulo a la colaboraci\u00f3n. el modelo se compone de 5 ejes que garanticen su operativizaci\u00f3n.<\/p><ul><li style=\"list-style-type: none;\"><ul><li><a href=\"http:\/\/esap.edu.co\">P\u00c1GINA WEB OFICIAL<\/a><\/li><li><a href=\"http:\/\/www.youtube.com\/@ComunicacionesESAP\">CANAL OFICIAL DE YOUTUBE ESAP<\/a><\/li><li><a href=\"http:\/\/facebook.com\/esapoficial\">Facebook<\/a><\/li><li><a href=\"http:\/\/instagram.com\/esapoficial\/?hl=es-la\">Instagram<\/a><\/li><li><a href=\"http:\/\/twitter.com\/ESAPOficial\" target=\"_blank\" rel=\"noopener\">X<\/a><\/li><\/ul><\/li><\/ul>                    <\/div>\n\t\t        \n                    <div id=\"modelo-tab\" class=\"clearfix eael-tab-content-item inactive\" data-title-link=\"modelo-tab\">\n\t\t\t\t        <ul><li><a href=\"https:\/\/www.esap.edu.co\/esaplab\/ii-congreso-de-innovacion-en-la-administracion-publica\/\" target=\"_blank\" rel=\"noopener\">II Congreso Internacional de Innovaci\u00f3n en Administraci\u00f3n P\u00fablica<\/a><\/li><li><a href=\"https:\/\/www.esap.edu.co\/esap\/organigrama\/subdireccion-academica-nacional\/catedra-nacional-esapista\/\" target=\"_blank\" rel=\"noopener\">C\u00e1tedra Nacional Esapista Guillermo Nannetti Concha<\/a><\/li><li><a href=\"https:\/\/www.esap.edu.co\/esap\/organigrama\/direccion-nacional\/iii-congreso-internacional-de-administracion-publica-ciap-2024\/\" target=\"_blank\" rel=\"noopener\">III Congreso Internacional de Administraci\u00f3n P\u00fablica CIAP 2024<\/a><\/li><\/ul>                    <\/div>\n\t\t                    <\/div>\n        <\/div>\n\t\t\t\t<\/div>\n\t\t\t\t<\/div>\n\t\t\t\t\t<\/div>\n\t\t\t\t<\/div>\n\t\t\t\t<\/div>\n\t\t","protected":false},"excerpt":{"rendered":"<p>Cultura de Compartir y difundir Articular y fomentar la implementaci\u00f3n de estrategias, acciones, instrumentos y herramientas\u00a0implica desarrollar una visi\u00f3n estrat\u00e9gica de comunicaci\u00f3n y la consolidaci\u00f3n de redes de ense\u00f1anza- aprendizaje para difundir y reforzar la gesti\u00f3n del conocimiento y promover la innovaci\u00f3n p\u00fablica. Las experiencias compartidas fortalecen el conocimiento a trav\u00e9s de la memoria institucional [&hellip;]<\/p>\n","protected":false},"author":1,"featured_media":190,"parent":0,"menu_order":2,"comment_status":"closed","ping_status":"closed","template":"","meta":{"ocean_post_layout":"","ocean_both_sidebars_style":"","ocean_both_sidebars_content_width":0,"ocean_both_sidebars_sidebars_width":0,"ocean_sidebar":"0","ocean_second_sidebar":"0","ocean_disable_margins":"enable","ocean_add_body_class":"","ocean_shortcode_before_top_bar":"","ocean_shortcode_after_top_bar":"","ocean_shortcode_before_header":"","ocean_shortcode_after_header":"","ocean_has_shortcode":"","ocean_shortcode_after_title":"","ocean_shortcode_before_footer_widgets":"","ocean_shortcode_after_footer_widgets":"","ocean_shortcode_before_footer_bottom":"","ocean_shortcode_after_footer_bottom":"","ocean_display_top_bar":"default","ocean_display_header":"default","ocean_header_style":"","ocean_center_header_left_menu":"0","ocean_custom_header_template":"0","ocean_custom_logo":0,"ocean_custom_retina_logo":0,"ocean_custom_logo_max_width":0,"ocean_custom_logo_tablet_max_width":0,"ocean_custom_logo_mobile_max_width":0,"ocean_custom_logo_max_height":0,"ocean_custom_logo_tablet_max_height":0,"ocean_custom_logo_mobile_max_height":0,"ocean_header_custom_menu":"0","ocean_menu_typo_font_family":"0","ocean_menu_typo_font_subset":"","ocean_menu_typo_font_size":0,"ocean_menu_typo_font_size_tablet":0,"ocean_menu_typo_font_size_mobile":0,"ocean_menu_typo_font_size_unit":"px","ocean_menu_typo_font_weight":"","ocean_menu_typo_font_weight_tablet":"","ocean_menu_typo_font_weight_mobile":"","ocean_menu_typo_transform":"","ocean_menu_typo_transform_tablet":"","ocean_menu_typo_transform_mobile":"","ocean_menu_typo_line_height":0,"ocean_menu_typo_line_height_tablet":0,"ocean_menu_typo_line_height_mobile":0,"ocean_menu_typo_line_height_unit":"","ocean_menu_typo_spacing":0,"ocean_menu_typo_spacing_tablet":0,"ocean_menu_typo_spacing_mobile":0,"ocean_menu_typo_spacing_unit":"","ocean_menu_link_color":"","ocean_menu_link_color_hover":"","ocean_menu_link_color_active":"","ocean_menu_link_background":"","ocean_menu_link_hover_background":"","ocean_menu_link_active_background":"","ocean_menu_social_links_bg":"","ocean_menu_social_hover_links_bg":"","ocean_menu_social_links_color":"","ocean_menu_social_hover_links_color":"","ocean_disable_title":"on","ocean_disable_heading":"default","ocean_post_title":"","ocean_post_subheading":"","ocean_post_title_style":"","ocean_post_title_background_color":"","ocean_post_title_background":0,"ocean_post_title_bg_image_position":"","ocean_post_title_bg_image_attachment":"","ocean_post_title_bg_image_repeat":"","ocean_post_title_bg_image_size":"","ocean_post_title_height":0,"ocean_post_title_bg_overlay":0.5,"ocean_post_title_bg_overlay_color":"","ocean_disable_breadcrumbs":"default","ocean_breadcrumbs_color":"","ocean_breadcrumbs_separator_color":"","ocean_breadcrumbs_links_color":"","ocean_breadcrumbs_links_hover_color":"","ocean_display_footer_widgets":"default","ocean_display_footer_bottom":"default","ocean_custom_footer_template":"0","footnotes":""},"class_list":["post-634","page","type-page","status-publish","has-post-thumbnail","hentry","entry","has-media"],"yoast_head":"<!-- This site is optimized with the Yoast SEO plugin v25.9 - https:\/\/yoast.com\/wordpress\/plugins\/seo\/ -->\n<title>Difusi\u00f3n creativa - INFONIA<\/title>\n<meta name=\"robots\" content=\"index, follow, max-snippet:-1, max-image-preview:large, max-video-preview:-1\" \/>\n<link rel=\"canonical\" href=\"https:\/\/infonia.esap.edu.co\/index.php\/difusion-creativa\/\" \/>\n<meta property=\"og:locale\" content=\"es_ES\" \/>\n<meta property=\"og:type\" content=\"article\" \/>\n<meta property=\"og:title\" content=\"Difusi\u00f3n creativa - INFONIA\" \/>\n<meta property=\"og:description\" content=\"Cultura de Compartir y difundir Articular y fomentar la implementaci\u00f3n de estrategias, acciones, instrumentos y herramientas\u00a0implica desarrollar una visi\u00f3n estrat\u00e9gica de comunicaci\u00f3n y la consolidaci\u00f3n de redes de ense\u00f1anza- aprendizaje para difundir y reforzar la gesti\u00f3n del conocimiento y promover la innovaci\u00f3n p\u00fablica. Las experiencias compartidas fortalecen el conocimiento a trav\u00e9s de la memoria institucional [&hellip;]\" \/>\n<meta property=\"og:url\" content=\"https:\/\/infonia.esap.edu.co\/index.php\/difusion-creativa\/\" \/>\n<meta property=\"og:site_name\" content=\"INFONIA\" \/>\n<meta property=\"article:modified_time\" content=\"2025-10-25T03:28:06+00:00\" \/>\n<meta property=\"og:image\" content=\"https:\/\/infonia.esap.edu.co\/wp-content\/uploads\/2024\/06\/logo_innnovaesap.png\" \/>\n\t<meta property=\"og:image:width\" content=\"894\" \/>\n\t<meta property=\"og:image:height\" content=\"194\" \/>\n\t<meta property=\"og:image:type\" content=\"image\/png\" \/>\n<meta name=\"twitter:card\" content=\"summary_large_image\" \/>\n<meta name=\"twitter:label1\" content=\"Tiempo de lectura\" \/>\n\t<meta name=\"twitter:data1\" content=\"2 minutos\" \/>\n<script type=\"application\/ld+json\" class=\"yoast-schema-graph\">{\"@context\":\"https:\/\/schema.org\",\"@graph\":[{\"@type\":\"WebPage\",\"@id\":\"https:\/\/infonia.esap.edu.co\/index.php\/difusion-creativa\/\",\"url\":\"https:\/\/infonia.esap.edu.co\/index.php\/difusion-creativa\/\",\"name\":\"Difusi\u00f3n creativa - INFONIA\",\"isPartOf\":{\"@id\":\"https:\/\/infonia.esap.edu.co\/#website\"},\"primaryImageOfPage\":{\"@id\":\"https:\/\/infonia.esap.edu.co\/index.php\/difusion-creativa\/#primaryimage\"},\"image\":{\"@id\":\"https:\/\/infonia.esap.edu.co\/index.php\/difusion-creativa\/#primaryimage\"},\"thumbnailUrl\":\"https:\/\/infonia.esap.edu.co\/wp-content\/uploads\/2024\/06\/logo_innnovaesap.png\",\"datePublished\":\"2024-12-23T18:55:48+00:00\",\"dateModified\":\"2025-10-25T03:28:06+00:00\",\"breadcrumb\":{\"@id\":\"https:\/\/infonia.esap.edu.co\/index.php\/difusion-creativa\/#breadcrumb\"},\"inLanguage\":\"es\",\"potentialAction\":[{\"@type\":\"ReadAction\",\"target\":[\"https:\/\/infonia.esap.edu.co\/index.php\/difusion-creativa\/\"]}]},{\"@type\":\"ImageObject\",\"inLanguage\":\"es\",\"@id\":\"https:\/\/infonia.esap.edu.co\/index.php\/difusion-creativa\/#primaryimage\",\"url\":\"https:\/\/infonia.esap.edu.co\/wp-content\/uploads\/2024\/06\/logo_innnovaesap.png\",\"contentUrl\":\"https:\/\/infonia.esap.edu.co\/wp-content\/uploads\/2024\/06\/logo_innnovaesap.png\",\"width\":894,\"height\":194},{\"@type\":\"BreadcrumbList\",\"@id\":\"https:\/\/infonia.esap.edu.co\/index.php\/difusion-creativa\/#breadcrumb\",\"itemListElement\":[{\"@type\":\"ListItem\",\"position\":1,\"name\":\"Inicio\",\"item\":\"https:\/\/infonia.esap.edu.co\/\"},{\"@type\":\"ListItem\",\"position\":2,\"name\":\"Difusi\u00f3n creativa\"}]},{\"@type\":\"WebSite\",\"@id\":\"https:\/\/infonia.esap.edu.co\/#website\",\"url\":\"https:\/\/infonia.esap.edu.co\/\",\"name\":\"INFONIA GesCo+I\",\"description\":\"Infonia ESAP\",\"publisher\":{\"@id\":\"https:\/\/infonia.esap.edu.co\/#organization\"},\"alternateName\":\"Gesti\u00f3n del Conocimiento y la Innovaci\u00f3n GesCo+I\",\"potentialAction\":[{\"@type\":\"SearchAction\",\"target\":{\"@type\":\"EntryPoint\",\"urlTemplate\":\"https:\/\/infonia.esap.edu.co\/?s={search_term_string}\"},\"query-input\":{\"@type\":\"PropertyValueSpecification\",\"valueRequired\":true,\"valueName\":\"search_term_string\"}}],\"inLanguage\":\"es\"},{\"@type\":\"Organization\",\"@id\":\"https:\/\/infonia.esap.edu.co\/#organization\",\"name\":\"Gesti\u00f3n del Conocimiento y la Innovaci\u00f3n GesCo+I\",\"url\":\"https:\/\/infonia.esap.edu.co\/\",\"logo\":{\"@type\":\"ImageObject\",\"inLanguage\":\"es\",\"@id\":\"https:\/\/infonia.esap.edu.co\/#\/schema\/logo\/image\/\",\"url\":\"https:\/\/infonia.esap.edu.co\/wp-content\/uploads\/2024\/06\/cropped-cropped-LOGO_INFONIA_2024.png\",\"contentUrl\":\"https:\/\/infonia.esap.edu.co\/wp-content\/uploads\/2024\/06\/cropped-cropped-LOGO_INFONIA_2024.png\",\"width\":1068,\"height\":470,\"caption\":\"Gesti\u00f3n del Conocimiento y la Innovaci\u00f3n GesCo+I\"},\"image\":{\"@id\":\"https:\/\/infonia.esap.edu.co\/#\/schema\/logo\/image\/\"}}]}<\/script>\n<!-- \/ Yoast SEO plugin. -->","yoast_head_json":{"title":"Difusi\u00f3n creativa - INFONIA","robots":{"index":"index","follow":"follow","max-snippet":"max-snippet:-1","max-image-preview":"max-image-preview:large","max-video-preview":"max-video-preview:-1"},"canonical":"https:\/\/infonia.esap.edu.co\/index.php\/difusion-creativa\/","og_locale":"es_ES","og_type":"article","og_title":"Difusi\u00f3n creativa - INFONIA","og_description":"Cultura de Compartir y difundir Articular y fomentar la implementaci\u00f3n de estrategias, acciones, instrumentos y herramientas\u00a0implica desarrollar una visi\u00f3n estrat\u00e9gica de comunicaci\u00f3n y la consolidaci\u00f3n de redes de ense\u00f1anza- aprendizaje para difundir y reforzar la gesti\u00f3n del conocimiento y promover la innovaci\u00f3n p\u00fablica. Las experiencias compartidas fortalecen el conocimiento a trav\u00e9s de la memoria institucional [&hellip;]","og_url":"https:\/\/infonia.esap.edu.co\/index.php\/difusion-creativa\/","og_site_name":"INFONIA","article_modified_time":"2025-10-25T03:28:06+00:00","og_image":[{"width":894,"height":194,"url":"https:\/\/infonia.esap.edu.co\/wp-content\/uploads\/2024\/06\/logo_innnovaesap.png","type":"image\/png"}],"twitter_card":"summary_large_image","twitter_misc":{"Tiempo de lectura":"2 minutos"},"schema":{"@context":"https:\/\/schema.org","@graph":[{"@type":"WebPage","@id":"https:\/\/infonia.esap.edu.co\/index.php\/difusion-creativa\/","url":"https:\/\/infonia.esap.edu.co\/index.php\/difusion-creativa\/","name":"Difusi\u00f3n creativa - INFONIA","isPartOf":{"@id":"https:\/\/infonia.esap.edu.co\/#website"},"primaryImageOfPage":{"@id":"https:\/\/infonia.esap.edu.co\/index.php\/difusion-creativa\/#primaryimage"},"image":{"@id":"https:\/\/infonia.esap.edu.co\/index.php\/difusion-creativa\/#primaryimage"},"thumbnailUrl":"https:\/\/infonia.esap.edu.co\/wp-content\/uploads\/2024\/06\/logo_innnovaesap.png","datePublished":"2024-12-23T18:55:48+00:00","dateModified":"2025-10-25T03:28:06+00:00","breadcrumb":{"@id":"https:\/\/infonia.esap.edu.co\/index.php\/difusion-creativa\/#breadcrumb"},"inLanguage":"es","potentialAction":[{"@type":"ReadAction","target":["https:\/\/infonia.esap.edu.co\/index.php\/difusion-creativa\/"]}]},{"@type":"ImageObject","inLanguage":"es","@id":"https:\/\/infonia.esap.edu.co\/index.php\/difusion-creativa\/#primaryimage","url":"https:\/\/infonia.esap.edu.co\/wp-content\/uploads\/2024\/06\/logo_innnovaesap.png","contentUrl":"https:\/\/infonia.esap.edu.co\/wp-content\/uploads\/2024\/06\/logo_innnovaesap.png","width":894,"height":194},{"@type":"BreadcrumbList","@id":"https:\/\/infonia.esap.edu.co\/index.php\/difusion-creativa\/#breadcrumb","itemListElement":[{"@type":"ListItem","position":1,"name":"Inicio","item":"https:\/\/infonia.esap.edu.co\/"},{"@type":"ListItem","position":2,"name":"Difusi\u00f3n creativa"}]},{"@type":"WebSite","@id":"https:\/\/infonia.esap.edu.co\/#website","url":"https:\/\/infonia.esap.edu.co\/","name":"INFONIA GesCo+I","description":"Infonia ESAP","publisher":{"@id":"https:\/\/infonia.esap.edu.co\/#organization"},"alternateName":"Gesti\u00f3n del Conocimiento y la Innovaci\u00f3n GesCo+I","potentialAction":[{"@type":"SearchAction","target":{"@type":"EntryPoint","urlTemplate":"https:\/\/infonia.esap.edu.co\/?s={search_term_string}"},"query-input":{"@type":"PropertyValueSpecification","valueRequired":true,"valueName":"search_term_string"}}],"inLanguage":"es"},{"@type":"Organization","@id":"https:\/\/infonia.esap.edu.co\/#organization","name":"Gesti\u00f3n del Conocimiento y la Innovaci\u00f3n GesCo+I","url":"https:\/\/infonia.esap.edu.co\/","logo":{"@type":"ImageObject","inLanguage":"es","@id":"https:\/\/infonia.esap.edu.co\/#\/schema\/logo\/image\/","url":"https:\/\/infonia.esap.edu.co\/wp-content\/uploads\/2024\/06\/cropped-cropped-LOGO_INFONIA_2024.png","contentUrl":"https:\/\/infonia.esap.edu.co\/wp-content\/uploads\/2024\/06\/cropped-cropped-LOGO_INFONIA_2024.png","width":1068,"height":470,"caption":"Gesti\u00f3n del Conocimiento y la Innovaci\u00f3n GesCo+I"},"image":{"@id":"https:\/\/infonia.esap.edu.co\/#\/schema\/logo\/image\/"}}]}},"_links":{"self":[{"href":"https:\/\/infonia.esap.edu.co\/index.php\/wp-json\/wp\/v2\/pages\/634","targetHints":{"allow":["GET"]}}],"collection":[{"href":"https:\/\/infonia.esap.edu.co\/index.php\/wp-json\/wp\/v2\/pages"}],"about":[{"href":"https:\/\/infonia.esap.edu.co\/index.php\/wp-json\/wp\/v2\/types\/page"}],"author":[{"embeddable":true,"href":"https:\/\/infonia.esap.edu.co\/index.php\/wp-json\/wp\/v2\/users\/1"}],"replies":[{"embeddable":true,"href":"https:\/\/infonia.esap.edu.co\/index.php\/wp-json\/wp\/v2\/comments?post=634"}],"version-history":[{"count":25,"href":"https:\/\/infonia.esap.edu.co\/index.php\/wp-json\/wp\/v2\/pages\/634\/revisions"}],"predecessor-version":[{"id":915,"href":"https:\/\/infonia.esap.edu.co\/index.php\/wp-json\/wp\/v2\/pages\/634\/revisions\/915"}],"wp:featuredmedia":[{"embeddable":true,"href":"https:\/\/infonia.esap.edu.co\/index.php\/wp-json\/wp\/v2\/media\/190"}],"wp:attachment":[{"href":"https:\/\/infonia.esap.edu.co\/index.php\/wp-json\/wp\/v2\/media?parent=634"}],"curies":[{"name":"wp","href":"https:\/\/api.w.org\/{rel}","templated":true}]}}